{"id":83,"date":"2016-12-29T09:40:55","date_gmt":"2016-12-29T09:40:55","guid":{"rendered":"http:\/\/themes.webmasterdriver.net\/carforyouwp\/?page_id=83"},"modified":"2020-10-15T10:14:22","modified_gmt":"2020-10-15T10:14:22","slug":"faq","status":"publish","type":"page","link":"https:\/\/serviautomalaga.com\/?page_id=83","title":{"rendered":"FAQ"},"content":{"rendered":"<p>[vc_row css=&#8221;.vc_custom_1487329929938{margin-right: 0px !important;margin-left: 0px !important;}&#8221;][vc_column el_class=&#8221;section-padding&#8221;][vc_row_inner][vc_column_inner el_class=&#8221;section-header text-center&#8221;][vc_column_text]<\/p>\n<h2 style=\"text-align: center;\">Preguntas frecuentes<\/h2>\n<p>[\/vc_column_text][vc_column_text]Aqu\u00ed encontrar\u00e1 algunas de las preguntas m\u00e1s frecuentes, si dispone de cualquier otra duda o pregunta no dude en ponerse en contacto con nosotros a trav\u00e9s del apartado \u00a8Cont\u00e1ctenos\u00a8.[\/vc_column_text][\/vc_column_inner][\/vc_row_inner][vc_row_inner css=&#8221;.vc_custom_1487330441861{margin-bottom: 0px !important;}&#8221;][vc_column_inner width=&#8221;1\/3&#8243; css=&#8221;.vc_custom_1487330504437{margin-bottom: 0px !important;}&#8221;][vc_column_text el_class=&#8221;faq_category white-text dark_mask&#8221; css=&#8221;.vc_custom_1596710505415{background-image: url(http:\/\/serviautomalaga.com\/wp-content\/uploads\/2016\/12\/knowledge_base_bg.jpg?id=96) !important;background-position: center !important;background-repeat: no-repeat !important;background-size: cover !important;}&#8221;]<\/p>\n<h3>Sobre nuestras formas de pago<\/h3>\n<p>[\/vc_column_text][vc_custom_heading text=&#8221;\u00bfPuedo entregar mi veh\u00edculo como parte de pago?&#8221; font_container=&#8221;tag:h4|text_align:left&#8221; use_theme_fonts=&#8221;yes&#8221; el_class=&#8221;faq_text&#8221;][vc_column_text]S\u00ed, aceptamos coches como forma de pago, nuestros vendedores tasar\u00e1n su veh\u00edculo en las mejores condiciones para poder as\u00ed ofrecerles una tasaci\u00f3n competente.[\/vc_column_text][vc_custom_heading text=&#8221;\u00bfC\u00f3mo puedo financiar mi veh\u00edculo?&#8221; font_container=&#8221;tag:h4|text_align:left&#8221; use_theme_fonts=&#8221;yes&#8221; el_class=&#8221;faq_text&#8221;][vc_column_text]Todos nuestros veh\u00edculos pueden ser financiados a trav\u00e9s de nosotros o de su entidad bancaria, para m\u00e1s informaci\u00f3n acerca de la financiaci\u00f3n de un veh\u00edculo puede mandarnos un formulario a trav\u00e9s de nuestra web o poner en contacto con nosotros al 952 239 976.[\/vc_column_text][\/vc_column_inner][vc_column_inner width=&#8221;1\/3&#8243; css=&#8221;.vc_custom_1487330510352{margin-bottom: 0px !important;}&#8221;][vc_column_text el_class=&#8221;faq_category white-text dark_mask&#8221; css=&#8221;.vc_custom_1596710569994{background-image: url(http:\/\/serviautomalaga.com\/wp-content\/uploads\/2016\/12\/about_services_faq_bg.jpg?id=97) !important;background-position: center !important;background-repeat: no-repeat !important;background-size: cover !important;}&#8221;]<\/p>\n<h3>Sobre Serviauto M\u00e1laga<\/h3>\n<p>[\/vc_column_text][vc_custom_heading text=&#8221;\u00bfCual es vuestro de atenci\u00f3n al cliente?&#8221; font_container=&#8221;tag:h4|text_align:left&#8221; use_theme_fonts=&#8221;yes&#8221; el_class=&#8221;faq_text&#8221;][vc_column_text]Nuestro horario comercial es:<\/p>\n<p>Lunes a Viernes 10:00 \u2013 14:00 \/ 17:00 \u2013 20:00<br \/>\nS\u00e1bados 11:15 \u2013 13:15[\/vc_column_text][vc_custom_heading text=&#8221;\u00bfPuedo probar un veh\u00edculo antes de comprarlo?&#8221; font_container=&#8221;tag:h4|text_align:left&#8221; use_theme_fonts=&#8221;yes&#8221; el_class=&#8221;faq_text&#8221;][vc_column_text]Todos nuestros veh\u00edculos est\u00e1n listos para ser probados, usted podr\u00e1 solicitar la prueba del veh\u00edculo bajo previo aviso, puede contactarnos por correo o a trav\u00e9s de la p\u00e1gina web.[\/vc_column_text][\/vc_column_inner][vc_column_inner width=&#8221;1\/3&#8243; css=&#8221;.vc_custom_1487330561959{margin-bottom: 0px !important;}&#8221;][vc_column_text el_class=&#8221;faq_category white-text dark_mask&#8221; css=&#8221;.vc_custom_1596710107312{background-image: url(http:\/\/serviautomalaga.com\/wp-content\/uploads\/2016\/12\/support_faq_bg.jpg?id=98) !important;background-position: center !important;background-repeat: no-repeat !important;background-size: cover !important;}&#8221;]<\/p>\n<h3>Sobre nuestros veh\u00edculos<\/h3>\n<p>[\/vc_column_text][vc_custom_heading text=&#8221;\u00bfDispone de alguna garant\u00eda mi veh\u00edculo?&#8221; font_container=&#8221;tag:h4|text_align:left&#8221; use_theme_fonts=&#8221;yes&#8221; el_class=&#8221;faq_text&#8221;][vc_column_text]Todos nuestros veh\u00edculos disponen de una garant\u00eda mec\u00e1nica de 1 a\u00f1o tras su compra, del mismo en caso de incidente o aver\u00eda podr\u00e1 contactarnos para realizar una inspecci\u00f3n t\u00e9cnica del veh\u00edculo.[\/vc_column_text][vc_custom_heading text=&#8221;\u00bfEst\u00e1n los veh\u00edculos revisados?&#8221; font_container=&#8221;tag:h4|text_align:left&#8221; use_theme_fonts=&#8221;yes&#8221; el_class=&#8221;faq_text&#8221;][vc_column_text]Todos nuestros veh\u00edculos pasan una inspecci\u00f3n pre y post venta garantizando as\u00ed la tranquilidad y confianza del mismo.[\/vc_column_text][\/vc_column_inner][\/vc_row_inner][\/vc_column][\/vc_row]<\/p>\n","protected":false},"excerpt":{"rendered":"<p>[vc_row css=&#8221;.vc_custom_1487329929938{margin-right: 0px !important;margin-left: 0px !important;}&#8221;][vc_column el_class=&#8221;section-padding&#8221;][vc_row_inner][vc_column_inner el_class=&#8221;section-header text-center&#8221;][vc_column_text] Preguntas frecuentes [\/vc_column_text][vc_column_text]Aqu\u00ed encontrar\u00e1 algunas de las preguntas m\u00e1s frecuentes, si dispone de cualquier otra duda o pregunta no dude en ponerse en contacto con nosotros a trav\u00e9s del apartado \u00a8Cont\u00e1ctenos\u00a8.[\/vc_column_text][\/vc_column_inner][\/vc_row_inner][vc_row_inner css=&#8221;.vc_custom_1487330441861{margin-bottom: 0px !important;}&#8221;][vc_column_inner width=&#8221;1\/3&#8243; css=&#8221;.vc_custom_1487330504437{margin-bottom: 0px !important;}&#8221;][vc_column_text el_class=&#8221;faq_category white-text dark_mask&#8221; css=&#8221;.vc_custom_1596710505415{background-image: url(http:\/\/serviautomalaga.com\/wp-content\/uploads\/2016\/12\/knowledge_base_bg.jpg?id=96) !important;background-position: center !important;background-repeat: [&hellip;]<\/p>\n","protected":false},"author":1,"featured_media":0,"parent":0,"menu_order":0,"comment_status":"closed","ping_status":"closed","template":"vc-page.php","meta":[],"_links":{"self":[{"href":"https:\/\/serviautomalaga.com\/index.php?rest_route=\/wp\/v2\/pages\/83"}],"collection":[{"href":"https:\/\/serviautomalaga.com\/index.php?rest_route=\/wp\/v2\/pages"}],"about":[{"href":"https:\/\/serviautomalaga.com\/index.php?rest_route=\/wp\/v2\/types\/page"}],"author":[{"embeddable":true,"href":"https:\/\/serviautomalaga.com\/index.php?rest_route=\/wp\/v2\/users\/1"}],"replies":[{"embeddable":true,"href":"https:\/\/serviautomalaga.com\/index.php?rest_route=%2Fwp%2Fv2%2Fcomments&post=83"}],"version-history":[{"count":12,"href":"https:\/\/serviautomalaga.com\/index.php?rest_route=\/wp\/v2\/pages\/83\/revisions"}],"predecessor-version":[{"id":1654,"href":"https:\/\/serviautomalaga.com\/index.php?rest_route=\/wp\/v2\/pages\/83\/revisions\/1654"}],"wp:attachment":[{"href":"https:\/\/serviautomalaga.com\/index.php?rest_route=%2Fwp%2Fv2%2Fmedia&parent=83"}],"curies":[{"name":"wp","href":"https:\/\/api.w.org\/{rel}","templated":true}]}}